-1)/3)*0. Suppose z = 2*k - 6*k + 24. What is the remainder when 11 is divided by k?
5
Let y = -28 - -14. Let h(r) = r**3 + 13*r**2 - 16*r - 10. Calculate the remainder when h(y) is divided by 5.
3
Let b = 764 + -752. Suppose 192 = 5*l + 12. Calculate the remainder when l - 1 - (2 + -1) is divided by b.
10
Suppose -4*a - 99 = -3*j, -j + 4*a + 33 = -a. Let x(b) = -b + 33. Calculate the remainder when j is divided by x(16).
16
Let o(z) = 7*z**2 - 157*z - 253. Let w = 65 + -44. What is the remainder when w is divided by o(24)?
10
Let v(f) = 2*f**2 - 10*f - 35. What is the remainder when v(-9) is divided by 45?
37
Suppose -4*z = 4*i - 5 - 55, i = -3*z + 37. Suppose -o + 14 = z. Calculate the remainder when 13 is divided by o.
1
Suppose 17 = -5*y + 4*n - 8*n, 9 = -3*n. Calculate the remainder when ((-10)/(-12))/(y/(-30)) is divided by 4.
1
Suppose -5*s + s = -152. Suppose -2*q + 0*q + s = 0. Let w = -891 + 964. What is the remainder when w is divided by q?
16
Let k(w) = -2*w**2 + 27*w - 35. Suppose 46 = 3*l + 4. What is the remainder when k(8) is divided by l?
11
Suppose m - 41 = -0*m - o, 4*o - 203 = -5*m. Calculate the remainder when m is divided by 16.
7
Suppose 0 = -12*s + 101 + 283. What is the remainder when ((0 - -1) + -2)*-59 is divided by s?
27
Suppose -8*g = 6*g - 1764. What is the remainder when g is divided by 28?
14
Suppose 0*t + 6*t = 66. Calculate the remainder when 66 is divided by t.
0
Let r = -31 - -36. Suppose 4*h + r*k - 79 - 29 = 0, 4 = k. What is the remainder when h is divided by 6?
4
Suppose 5*k + 2 = -8. Let n = 24 - k. Calculate the remainder when ((n/1)/2)/1 is divided by 7.
6
Let v(k) = k**2 - 3*k - 6. Let p be v(5). Let f(l) = -3 - p*l**2 + 6*l**2 + 2*l**2 + 0 - 2*l. Calculate the remainder when f(-3) is divided by 10.
9
Suppose m - 60 = 4*c, -4*m - c + 119 + 121 = 0. Calculate the remainder when m is divided by 19.
3
Let h(l) = -2*l**2 - 11*l + 79. What is the remainder when 31 is divided by h(4)?
1
Suppose -s + 16 = 3*s - a, 0 = -2*s + 5*a + 26. Suppose -5 = -s*j - 5*o, 3*o = j + j - 35. Let b = 16 + -13. Calculate the remainder when j is divided by b.
1
Suppose 0 = -3*v + 3*o + 396, -4*v + 8*o + 525 = 5*o. Calculate the remainder when v is divided by 11.
8
Suppose -678*n + 2765 = -671*n. What is the remainder when n is divided by 36?
35
Suppose 3*g + 119 = 6*g + 5*f, 2*f = g - 47. What is the remainder when 599 is divided by g?
40
Suppose 122*y + 451 = 133*y. Let b = 455 - 251. What is the remainder when b is divided by y?
40
Let z(a) = a**2 - 8*a + 7. Let o(r) = 2*r**2 - 11*r - 9. Let d be o(7). Calculate the remainder when z(d) is divided by 20.
15
Calculate the remainder when 20 is divided by (-98)/14 + 15 + 0.
4
Let k(j) = j**2 - 11*j + 27. Let f be 6/(12/(-8) - -2). Calculate the remainder when k(f) is divided by (6/15)/(2/70).
11
Let c = -1 + -4. Let p = 5 + c. Suppose 4*h + z - 171 = 0, -5*z - 43 + 18 = p. What is the remainder when h is divided by 23?
21
Suppose -16 = -4*a - i, 0 = i - 6*i. Let s(f) = 4*f**2 + 5*f - 1. Calculate the remainder when s(-5) is divided by (8 - a - -34)/2.
17
Let h(s) = 11*s. Suppose -2*j = -o + 10, -5*j - 25 = 7*o - 3*o. Suppose y + 4 = 5*q - 3*y, 2*q - 4*y + 8 = o. What is the remainder when h(q) is divided by 15?
14
Let q = -158 + 176. What is the remainder when 63 is divided by q?
9
Suppose 69 = -2*v - 2*w + w, 3*w = -3. Let d = 74 + v. Let o = 18 + -4. Calculate the remainder when d is divided by o.
12
Let t = -37 + 45. Calculate the remainder when 311 is divided by t.
7
Suppose 23*y = 16*y + 1078. Calculate the remainder when y is divided by 12.
10
Suppose -3*b = 0, -135 = 4*x + x + 5*b. Let p = x + 84. Calculate the remainder when p is divided by 12.
9
Suppose -37 = -3*k + 122. Let y = k + -25. Calculate the remainder when 52 is divided by y.
24
Suppose -6*g + 10 + 8 = 0. Suppose g*j = -4*c + j + 80, 29 = c - 4*j. What is the remainder when 60 is divided by c?
18
Suppose -2*i - 144 = -288. What is the remainder when 213 is divided by i?
69
Suppose 2*v = v, 0 = q + v - 77. Let w = 78 - q. Calculate the remainder when 5 is divided by w.
0
Let m be (-9)/(-6)*24/9. Let k(u) = -2*u. Let r be k(m). Calculate the remainder when 3 is divided by (-2 - -3)/((-4)/r).
1
Suppose 0*b + 9 = 9*b. Calculate the remainder when 119 is divided by 1 + 61*(0 + b).
57
Suppose -6*y + 2*f = -2*y - 62, 4*y - f = 59. Let c = 24 - y. What is the remainder when c is divided by 5?
0
Suppose -2*t - 108 = -6*t. Let u = -22 + t. Suppose -w = -4, -u = -4*g + 4*w + 11. What is the remainder when 15 is divided by g?
7
Suppose -6*i - 665 + 779 = 0. Suppose 5*y - 3*y = 22. Calculate the remainder when i is divided by y.
8
Let u(n) = 5*n + 159. What is the remainder when 314 is divided by u(-19)?
58
Suppose 5*h - 17 = -7. Let g = h - -11. Calculate the remainder when 38 is divided by g.
12
Let b = 6 - 4. Suppose 0 = 3*q - h - 13, -b*q - h - 3 = -3*q. Calculate the remainder when q is divided by (-1 - -4)*(6 - 56/12).
1
Let z(u) = u - 3. Suppose 0 = -3*b + 6, 5*a + 4*b = 2*a + 32. Let o be z(a). Suppose -o + 41 = 3*d. What is the remainder when 35 is divided by d?
11
Suppose 3 - 12 = -3*w. Suppose -w*q + 70 = -q. Calculate the remainder when q is divided by 6.
5
Let h = 130 + -13. Suppose -2*t + 44 = 4*s - 70, -3*t = 4*s - h. Calculate the remainder when 50 is divided by s.
23
Suppose -21 = -p - 4*c, -p - c + 2*c = 4. Calculate the remainder when 25 is divided by 27*(p/3)/(-13 - -14).
7
Let q = 269 + -86. Calculate the remainder when q is divided by 37.
35
Let s be 1 - (-2 - -3)*-2. Let n be (4/((-20)/15))/(9/(-51)). Suppose -19 = -s*d + n. What is the remainder when 45 is divided by d?
9
Suppose 4*y - 13 = 11. Let h be 9/4 + 4/(-16). Suppose -m - h*l = -15, 2*m - 54 = -0*m + 2*l. Calculate the remainder when m is divided by y.
5
Suppose -5*f + 395 = -4*j, -4*f + 114*j + 316 = 118*j. What is the remainder when 256 is divided by f?
19
Suppose -4 = -7*b + 94. Calculate the remainder when 25 is divided by b.
11
Suppose -43*i + 36*i = -350. Calculate the remainder when i is divided by 34.
16
Let h = 16 + -24. Let d = -11 + 21. Calculate the remainder when (-2)/h - 335/(-20) is divided by d.
7
Suppose 3*l = 4*x - 6*x + 173, -2*l - x = -117. Calculate the remainder when l is divided by 33.
28
Suppose -h - 5*r = -6*r - 5, -4*r = 5*h - 7. Suppose 2*a - h*j - 124 = 0, 2*j - j + 63 = a. Calculate the remainder when a is divided by 14.
9
Let f be (0 + 1)*(6 + -24). What is the remainder when 22 is divided by (-70)/(-8) + f/24?
6
Let b be (-5)/(-10)*(1 + -1). Let s(a) = -a + 23. Let r be s(b). Suppose 4 = -4*m + 3*m + 4*k, -r = -m - 5*k. What is the remainder when 30 is divided by m?
6
Let h = -2086 - -2127. What is the remainder when h is divided by 15 + -2 + (-2)/1?
8
Let t be (-10 - -8)*(1 - 9). Suppose -t*n = -11*n - 25. What is the remainder when n is divided by 3?
2
Let x(o) = -8*o - 2. Let c(q) = q**2 + 6*q + 6. Let r be c(-4). Calculate the remainder when 123 is divided by x(r).
11
Suppose 12 = t - 0*t. Let h be 3/((-9)/t) + 0. What is the remainder when 44/h*(2 - 3) is divided by 5?
1
Let z(a) = -a**3 + 18*a**2 + 22*a - 38. Calculate the remainder when 111 is divided by z(19).
16
Suppose -54 = -4*q + 14. Let c = q - 9. Suppose 12 = 5*b - v, 15 = 5*v - 0*v. Calculate the remainder when c is divided by b.
2
Suppose 0 = 3*i + 7 - 28. Suppose -4*j - 68 + 18 = -3*f, -2*j + 2 = 0. What is the remainder when f is divided by i?
4
Let u(x) = x**2 + 2*x - 9. Let v be u(2). Let w(r) = -86*r**3 + 2*r**2 - 3*r - 4. What is the remainder when w(v) is divided by 18?
15
Let x(b) = 6*b - 4. Let u be x(3). Suppose -u + 4 = -2*g. Calculate the remainder when g is divided by 2.
1
Let f = 27 - 10. Let c(i) = i**3 + i + 1. Let w be c(0). Let k(p) = 48*p**3 + 2*p**2 - p. What is the remainder when k(w) is divided by f?
15
Let u = 835 - 224. Suppose 5*w - u = -86. Suppose 504 = 7*q + w. What is the remainder when q is divided by 15?
12
Suppose l + 2 = -5*n + 16, -2*n - 56 = -4*l. What is the remainder when 488 is divided by l?
12
Let x(t) = -t**3 + 8*t**2 - t + 2. Let u(d) = -d**2 - 9*d - 2. Let g be u(-10). Let s be (7/(-2))/(6/g). What is the remainder when x(s) is divided by 23?
21
Let d(u) = -1 + 33*u - 41*u + u**2 + 2. Calculate t